 is 232000020201 + 10?
232000020211
In base 4, what is -11331 + -31320?
-103311
In base 2, what is 11 + -10011110111101000101000?
-10011110111101000100101
In base 4, what is -13300303023 + 11?
-13300303012
In base 8, what is 20 + -176236310?
-176236270
In base 3, what is 1000222 - -1202011?
2210010
In base 15, what is -1 - -2532e1?
2532e0
In base 4, what is -131223123330 + 3?
-131223123321
In base 13, what is 1343b602 + a?
1343b60c
In base 6, what is -1044530144 + -24?
-1044530212
In base 15, what is 9310b - -1a?
93126
In base 16, what is -1475 + 339?
-113c
In base 14, what is 72 + 6d863c?
6d86b0
In base 2, what is 110100110 - 111011010110011?
-111010100001101
In base 11, what is -5 + -5249388?
-5249392
In base 16, what is -806a83 - -b?
-806a78
In base 14, what is 6 + 8813bb7?
8813bbd
In base 11, what is -3359154 - -4?
-3359150
In base 10, what is 427188 + -9?
427179
In base 3, what is -1101022211122210 + -12?
-1101022211122222
In base 8, what is 42551 - 553?
41776
In base 10, what is 5069 + -7346?
-2277
In base 7, what is -14 + -2254465?
-2254512
In base 7, what is -3 - -134250336?
134250333
In base 13, what is -6a - 209c33?
-209ca0
In base 9, what is 80868162 - 5?
80868156
In base 4, what is -1 - 32130312202?
-32130312203
In base 4, what is -32 - -1201230233?
1201230201
In base 10, what is -3441244 + 4?
-3441240
In base 8, what is -43662027 + 2?
-43662025
In base 10, what is -131 + 4?
-127
In base 10, what is -341298 + 7?
-341291
In base 8, what is 0 - 6316714?
-6316714
In base 10, what is -33646 - 9918?
-43564
In base 6, what is 0 + -155423010?
-155423010
In base 2, what is 111 - -110101001000011100?
110101001000100011
In base 5, what is -1434102412 - -10?
-1434102402
In base 8, what is 3 - -216442562?
216442565
In base 2, what is 111011001011000 - 10110010000011?
100100111010101
In base 15, what is b - 458d66?
-458d5a
In base 4, what is -113330330 + -130?
-113331120
In base 9, what is -2 - 533856?
-533858
In base 12, what is 7544b - 31?
7541a
In base 3, what is -102121221 + -111210002?
-221102000
In base 6, what is 303024355 + 5?
303024404
In base 14, what is -2 + 16ad7204?
16ad7202
In base 11, what is -51443a88 - 1?
-51443a89
In base 7, what is -10245064022 + -2?
-10245064024
In base 14, what is 7dd0708 + 4?
7dd070c
In base 15, what is -cc4c4 + 4d?
-cc476
In base 7, what is 263 - -360506?
361102
In base 8, what is -115517643 + -2?
-115517645
In base 10, what is 556300 + -3?
556297
In base 8, what is 114772 + -5027?
107743
In base 5, what is -110203111221 - 0?
-110203111221
In base 5, what is 22 - 2000211102?
-2000211030
In base 7, what is 2 + -323051366?
-323051364
In base 4, what is -1002113 - 131231201?
-132233320
In base 2, what is 1000111001111110111 + -101?
1000111001111110010
In base 12, what is -2 - 27315663?
-27315665
In base 10, what is 51 + 457536?
457587
In base 15, what is 1 - -10a05be?
10a05c0
In base 15, what is d438c6 + -3e?
d43887
In base 6, what is 33202 - -24053?
101255
In base 10, what is -1482689 - 341?
-1483030
In base 6, what is 114 - 10154221?
-10154103
In base 12, what is 135a5 + 344?
13929
In base 5, what is -120 - 12401202?
-12401322
In base 13, what is 9 - -a70761?
a7076a
In base 6, what is -11004352 + 3?
-11004345
In base 12, what is 14399005 + 2?
14399007
In base 15, what is 0 + 1071911a?
1071911a
In base 3, what is 10022111020 + -11111?
10022022202
In base 15, what is 19d2a0 + -7?
19d298
In base 13, what is 3346 + -834?
2812
In base 16, what is 15daabf - 9?
15daab6
In base 7, what is -111 - 10114035?
-10114146
In base 8, what is 27661332 + 4?
27661336
In base 16, what is -55cb + -416?
-59e1
In base 16, what is -14cd1a + 4?
-14cd16
In base 2, what is -1010101101011010001001010000 - 0?
-1010101101011010001001010000
In base 8, what is -25735 - 465?
-26422
In base 14, what is b3a7a + c?
b3a88
In base 16, what is -3 + -3e94b68?
-3e94b6b
In base 5, what is 4021201233 - -40?
4021201323
In base 14, what is -205a90 - 4a2?
-206152
In base 2, what is -1 + -1011100111001001001011?
-1011100111001001001100
In base 10, what is -838 - 72050?
-72888
In base 10, what is -6 + 20268459?
20268453
In base 7, what is 63640 + -623?
63014
In base 16, what is 2256 - -1c72?
3ec8
In base 12, what is -1 - -5473aa?
5473a9
In base 15, what is -1272c + -1261?
-1398d
In base 10, what is 76 - 310149?
-310073
In base 11, what is 2 + 54395a0?
54395a2
In base 11, what is 32019 + -11234?
20895
In base 4, what is 1102023113013 - -2?
1102023113021
In base 7, what is -5560465 - -55?
-5560410
In base 14, what is -123 + -1bc70?
-1bd93
In base 10, what is -31242 - -297?
-30945
In base 4, what is 31 + 122002233121?
122002233212
In base 10, what is -306507 + -23?
-306530
In base 11, what is -15a + 21781?
21622
In base 11, what is -a8 + 2259?
2161
In base 8, what is 5 - 2530144?
-2530137
In base 15, what is b339 + -5e?
b2ca
In base 7, what is 30036440 + -6?
30036431
In base 12, what is -2b255 - -564?
-2a8b1
In base 3, what is -22222222120022222 + -12?
-22222222120100011
In base 14, what is 37144 + 50?
37194
In base 10, what is -3341 - -88?
-3253
In base 11, what is -762 - 256a44?
-2576a6
In base 9, what is -38 + -3022306?
-3022345
In base 3, what is -2 - 2110201010021?
-2110201010100
In base 13, what is -2b132 + -2?
-2b134
In base 15, what is -13863e - 55?
-138694
In base 9, what is 7260711 - -4?
7260715
In base 9, what is -43 + -351448?
-351502
In base 13, what is -9 - 138b9?
-138c5
In base 8, what is -4 - -101515022?
101515016
In base 4, what is 322001021 + -122020?
321213001
In base 7, what is 5634042 - 12?
5634030
In base 6, what is -205542342 - -32?
-205542310
In base 9, what is -3358 - 56822?
-61281
In base 2, what is -1000100111001010100010101 - 11?
-1000100111001010100011000
In base 11, what is 45 - 47385?
-47340
In base 2, what is 110 - 10110101001011010?
-10110101001010100
In base 12, what is 7 + -18164a?
-181643
In base 5, what is -4111 - 142224004?
-142233120
In base 13, what is -c98 + 3cb07?
3bb3c
In base 5, what is -32003 - -20322204?
20240201
In base 12, what is 10539 - -1b12?
1244b
In base 16, what is -11 - 2cf1?
-2d02
In base 6, what is -3 - -550120250?
550120243
In base 4, what is -31120203000 - 20?
-31120203020
In base 5, what is -4 + 202443133?
202443124
In base 13, what is 7662a - -55?
76682
In base 12, what is 12a1bb - 42?
12a179
In base 10, what is 1095470 - 0?
1095470
In base 7, what is 52355 - 46422?
2633
In base 10, what is -52595 - -659?
-51936
In base 11, what is -194a3 + 5743?
-13860
In base 4, what is 1 - -22303212232303?
22303212232310
In base 7, what is -16526 - -142366?
122540
In base 4, what is -3 - 32132110131?
-32132110200
In base 4, what is 2000 + -3000230?
-2332230
In base 16, what is 15061f - 49?
1505d6
In base 5, what is -1 + -421323333?
-421323334
In base 5, what is 41034344044 + 4?
41034344103
In base 15, what is -328e + 6a12?
3773
In base 11, what is 36 + 6a2991?
6a2a17
In base 5, what is -21430 - 301120?
-323100
In base 5, what is -104112030 - -11400?
-104100130
In base 15, what is -bad + -257e?
-323c
In base 15, what is -1c2 + -1641?
-1813
In base 4, what is -1123100 + 30323?
-1032111
In base 3, what is -2122 - 1002112120120?
-1002112200012
In base 16, what is -6 - 45f668?
-45f66e
In base 8, what is -24703250 + 0?
-24703250
In base 8, what is 72633316 - -15?
72633333
In base 16, what is 14d578f + -2?
14d578d
In base 15, what is 15c + -4511?
-43a4
In base 5, what is -121013 + -13213?
-134231
In base 15, what is -1ebe0 - 58?
-1ec48
In base 11, what is -6948 + 850?
-60a8
In base 8, what is -314260367 + 14?
-314260353
In base 6, what is -2 - 1414244?
-1414250
In base 14, what is 577d - -579?
5d18
In base 15, what is 12c96 - 178a?
1150b
In base 4, what is -111331033313 - 12?
-111331033331
In base 12, what is -20 + 2860336?
2860316
In base 14, what is -825 + 1c42c?
1ba07
In base 14, what is 7 + 481c3d?
481c46
In base 13, what is 1 + ab1656?
ab1657
In base 2, what is -1010000110000001110111 - -101?
-1010000110000001110010
In base 15, what is 3 + 4b1918?
4b191b
In base 13, what is -3617138 - 18?
-3617153
In base 2, what is -1111101110000100111010 - -100?
-1111101110000100110110
In base 4, what is 13202 + 20031?
33233
In base 16, what is -3 - -3070c5?
3070c2
In base 16, what is -1987a6 + -54?
-1987fa
In base 6, wha